 is divided by 119.
31
What is the remainder when 5475 is divided by 44?
19
Calculate the remainder when 32258 is divided by 1789.
56
What is the remainder when 20564 is divided by 6816?
116
Calculate the remainder when 15420 is divided by 15.
0
Calculate the remainder when 230882 is divided by 733.
720
What is the remainder when 802 is divided by 662?
140
What is the remainder when 18262 is divided by 961?
3
Calculate the remainder when 94237 is divided by 31389.
70
What is the remainder when 1305 is divided by 264?
249
Calculate the remainder when 2340 is divided by 47.
37
What is the remainder when 49038 is divided by 621?
600
What is the remainder when 883 is divided by 851?
32
What is the remainder when 59820 is divided by 289?
286
What is the remainder when 250 is divided by 156?
94
What is the remainder when 15602 is divided by 43?
36
Calculate the remainder when 312833 is divided by 156411.
11
Calculate the remainder when 1744 is divided by 71.
40
What is the remainder when 1887 is divided by 257?
88
What is the remainder when 980 is divided by 464?
52
What is the remainder when 1742 is divided by 88?
70
Calculate the remainder when 19483 is divided by 45.
43
What is the remainder when 952 is divided by 328?
296
What is the remainder when 109426 is divided by 8?
2
What is the remainder when 817 is divided by 797?
20
Calculate the remainder when 287616 is divided by 66.
54
Calculate the remainder when 68368 is divided by 213.
208
Calculate the remainder when 2261 is divided by 829.
603
What is the remainder when 1618384 is divided by 1243?
1241
What is the remainder when 1012 is divided by 109?
31
Calculate the remainder when 36285 is divided by 12091.
12
What is the remainder when 14544 is divided by 190?
104
Calculate the remainder when 76958 is divided by 58.
50
Calculate the remainder when 23633 is divided by 1969.
5
What is the remainder when 146368 is divided by 546?
40
Calculate the remainder when 129971 is divided by 22.
17
What is the remainder when 3578 is divided by 21?
8
Calculate the remainder when 6426 is divided by 3196.
34
What is the remainder when 57064 is divided by 241?
188
What is the remainder when 42291 is divided by 109?
108
What is the remainder when 14693 is divided by 4475?
1268
What is the remainder when 490052 is divided by 59?
57
Calculate the remainder when 3947 is divided by 501.
440
What is the remainder when 6158 is divided by 122?
58
What is the remainder when 1864 is divided by 274?
220
Calculate the remainder when 395427 is divided by 473.
472
What is the remainder when 20743 is divided by 7?
2
Calculate the remainder when 35242 is divided by 425.
392
What is the remainder when 4653 is divided by 49?
47
Calculate the remainder when 33678 is divided by 93.
12
Calculate the remainder when 33693 is divided by 72.
69
What is the remainder when 11763 is divided by 3592?
987
Calculate the remainder when 59462 is divided by 19792.
86
Calculate the remainder when 59189 is divided by 29594.
1
What is the remainder when 15956 is divided by 120?
116
Calculate the remainder when 1899 is divided by 124.
39
Calculate the remainder when 16709 is divided by 4100.
309
Calculate the remainder when 73652 is divided by 452.
428
What is the remainder when 25110 is divided by 259?
246
Calculate the remainder when 18425 is divided by 2632.
1
What is the remainder when 18685 is divided by 2662?
51
Calculate the remainder when 100606 is divided by 50296.
14
What is the remainder when 46827 is divided by 32?
11
Calculate the remainder when 40876 is divided by 10215.
16
What is the remainder when 1461 is divided by 133?
131
What is the remainder when 24357 is divided by 8037?
246
What is the remainder when 63323 is divided by 123?
101
What is the remainder when 86854 is divided by 24?
22
Calculate the remainder when 4819 is divided by 757.
277
What is the remainder when 2492 is divided by 390?
152
What is the remainder when 60379 is divided by 10?
9
Calculate the remainder when 279 is divided by 46.
3
Calculate the remainder when 50672 is divided by 59.
50
What is the remainder when 497778 is divided by 44?
6
What is the remainder when 3202 is divided by 1046?
64
What is the remainder when 2502 is divided by 58?
8
Calculate the remainder when 59998 is divided by 14.
8
What is the remainder when 745 is divided by 10?
5
What is the remainder when 475070 is divided by 76?
70
What is the remainder when 1946 is divided by 245?
231
What is the remainder when 233786 is divided by 798?
770
What is the remainder when 20017 is divided by 488?
9
What is the remainder when 661 is divided by 286?
89
Calculate the remainder when 18837 is divided by 348.
45
Calculate the remainder when 31282 is divided by 99.
97
Calculate the remainder when 7320 is divided by 1957.
1449
What is the remainder when 1897 is divided by 329?
252
What is the remainder when 336109 is divided by 597?
595
Calculate the remainder when 33823 is divided by 179.
171
What is the remainder when 7230 is divided by 31?
7
Calculate the remainder when 495014 is divided by 1602.
1598
What is the remainder when 1209 is divided by 236?
29
Calculate the remainder when 14972 is divided by 33.
23
What is the remainder when 1806360 is divided by 28?
24
What is the remainder when 7408 is divided by 18?
10
What is the remainder when 1803 is divided by 1803?
0
What is the remainder when 9736 is divided by 226?
18
Calculate the remainder when 24937 is divided by 10.
7
What is the remainder when 99217 is divided by 9018?
19
What is the remainder when 76558 is divided by 12758?
10
What is the remainder when 37221 is divided by 6179?
147
What is the remainder when 14796 is divided by 1474?
56
Calculate the remainder when 1438 is divided by 1401.
37
Calculate the remainder when 4471 is divided by 249.
238
Calculate the remainder when 20777 is divided by 385.
372
Calculate the remainder when 152 is divided by 44.
20
Calculate the remainder when 230342 is divided by 115132.
78
Calculate the remainder when 454 is divided by 95.
74
What is the remainder when 34566 is divided by 586?
578
What is the remainder when 677651 is divided by 15?
11
Calculate the remainder when 62422 is divided by 40.
22
Calculate the remainder when 33726 is divided by 16825.
76
What is the remainder when 325127 is divided by 17?
2
Calculate the remainder when 42350 is divided by 132.
110
Calculate the remainder when 5997 is divided by 291.
177
Calculate the remainder when 215036 is divided by 209.
184
Calculate the remainder when 56772 is divided by 6.
0
Calculate the remainder when 43284 is divided by 390.
384
Calculate the remainder when 365496 is divided by 52210.
26
Calculate the remainder when 202 is divided by 46.
18
What is the remainder when 2527 is divided by 250?
27
What is the remainder when 26359 is divided by 26326?
33
What is the remainder when 45588 is divided by 278?
274
What is the remainder when 5132 is divided by 740?
692
What is the remainder when 2006 is divided by 879?
248
What is the remainder when 827 is divided by 154?
57
What is the remainder when 11279 is divided by 58?
27
What is the remainder when 7236 is divided by 1034?
1032
What is the remainder when 39807 is divided by 699?
663
What is the remainder when 271732 is divided by 386?
374
What is the remainder when 4209 is divided by 2057?
95
Calculate the remainder when 25568 is divided by 126.
116
What is the remainder when 138280 is divided by 27654?
10
What is the remainder when 15413 is divided by 7686?
41
Calculate the remainder when 278770 is divided by 127.
5
Calculate the remainder when 1349 is divided by 322.
61
What is the remainder when 19976 is divided by 30?
26
Calculate the remainder when 1197 is divided by 239.
2
Calculate the remainder when 38826 is divided by 3528.
18
What is the remainder when 14555 is divided by 488?
403
What is the remainder when 454051 is divided by 307?
305
Calculate the remainder when 290797 is divided by 8.
5
Calculate the remainder when 12078 is divided by 18.
0
What is the remainder when 65145 is divided by 44?
25
Calculate the remainder when 537 is divided by 65.
17
What is the remainder when 20158 is divided by 219?
10
What is the remainder when 145434 is divided by 33?
3
What is the remainde